3/(-1). Calculate the highest common factor of u and z.
12
Suppose 0*u + 12 = u. Suppose 8 + u = 2*f. Suppose -f = 5*i + 5*c, -c - 8 = -2*i + 3. What is the highest common factor of i and 21?
3
Let r be (-4)/14 - 57/21. Let x(z) = -z**3 + z**2 + z - 2. Let g be x(-2). Let q = r + g. What is the greatest common factor of 45 and q?
5
Suppose -17 = -4*m + 91. Calculate the highest common factor of m and 18.
9
Let a = -10 + 15. Suppose -a*h = -2*h - 39. Calculate the highest common divisor of 104 and h.
13
Let v = 8 - 4. Suppose 0 = j - 6*j + 2*i + 430, -v*i = 5*j - 400. Calculate the greatest common factor of 12 and j.
12
Let i be 1946/6 + 1/(-3). Let o = i - 135. What is the greatest common factor of o and 21?
21
Let u be 17/(-3) - 1/3. Let p = 11 + -7. Let g be (-54)/2*p/u. Calculate the greatest common factor of 2 and g.
2
Suppose -p - 2*i = -18, -p - 5*i = 4*p - 65. What is the greatest common divisor of 56 and p?
8
Let x(y) = y**2 + 2*y - 1. Let p be x(1). Let w(b) = -3*b**2 - 7*b - 2*b**3 + b**3 - 2*b**p. Let i be w(-5). What is the highest common divisor of 7 and i?
7
Let i = -7 - -12. Suppose 3*v - 7*y - 145 = -2*y, 0 = 4*v - 3*y - 186. What is the greatest common divisor of i and v?
5
Suppose 0*q = 4*q - 104. Let h = 43 - q. Calculate the greatest common factor of 119 and h.
17
Let l be (-4)/((-16)/(-108))*-1. Calculate the greatest common divisor of l and 9.
9
Let z be 1*19 + 2/(-1). Let q(u) = 6*u**2 - 3*u + 6. Let c be q(6). Suppose 6*w = 2*w + c. What is the highest common factor of z and w?
17
Suppose 0 = 3*p + 5*w - 68, 3*w + 89 = 3*p - 19. Let z = 144 + -99. Let d = z - p. What is the greatest common divisor of d and 14?
14
Let p be (-28)/140 - -23*2/5. What is the highest common factor of p and 99?
9
Suppose 5*h = -p + 84, 5 = h - 4*p - 16. What is the greatest common factor of h and 153?
17
Let j = -20 - -27. What is the greatest common divisor of 21 and j?
7
Suppose 4*n - 5 = 15, -3*q - n = 40. Let w = 4 - -19. Let h = q + w. What is the greatest common divisor of h and 16?
8
Let v be 1 + (0 - -1 - 7). Let i be 2/v + 124/10. Calculate the greatest common factor of 3 and i.
3
Let n be ((-13)/39)/((-2)/78). Calculate the greatest common divisor of 13 and n.
13
Let j = 150 - 104. Suppose 0 = 5*q - j - 314. What is the highest common factor of 8 and q?
8
Let a(v) be the third derivative of v**5/60 + v**4/3 - 2*v**3 - v**2. Let y be a(-10). What is the greatest common factor of 20 and y?
4
Let w = 34 + 13. What is the greatest common divisor of 423 and w?
47
Let x(m) = -m + 24. Let y be x(-15). Calculate the greatest common divisor of y and 3.
3
Let y be ((-3)/4)/(18/(-240)). Calculate the highest common factor of 160 and y.
10
Let f(l) = -5*l**3 - l**2 - l. Suppose 0 = -3*c + 1 - 4. Let h be f(c). Let p be 15/4 + h/20. Calculate the greatest common divisor of p and 10.
2
Let s(z) = z**3 - 3*z**2 - 4*z + 4. Let b be s(3). Let d be (-4)/b - 3/(-6). What is the greatest common divisor of 2 and d?
1
Let b(v) = 55*v**3 + 1. Let n be b(1). Let t be -1 + 10 + -2 - 0. Calculate the highest common divisor of t and n.
7
Suppose 2*d + d = -5*f + 17, 15 = 3*f + 3*d. Let s(t) = 83*t**3 + 2*t**2 - t. Let x be s(f). Calculate the highest common factor of 12 and x.
12
Let x(k) be the third derivative of 0 - 11/6*k**4 + 0*k**3 + 0*k + 2*k**2. Let n be x(-2). Calculate the greatest common factor of 8 and n.
8
Let u be 10/3*(-30)/(1 + -6). What is the greatest common divisor of u and 8?
4
Let o = 1 + 1. What is the highest common factor of 7 and o?
1
Suppose -4*s = 3*i - 32, s + i - 16 = -s. Calculate the highest common divisor of 20 and s.
4
Suppose -2 = -2*h + 6. Suppose -5*x + h*b = -100, -x - 5*b = -3*x + 40. What is the greatest common factor of x and 5?
5
Let z(j) = 7*j + 1. Let m be z(5). Let r = -291 - -381. What is the highest common divisor of r and m?
18
Suppose -7*m + 6*m + 15 = 0. Calculate the highest common factor of 60 and m.
15
Let n = 81 - -9. Suppose -26 = -5*o + 5*f + 9, 6 = -3*f. Suppose 5 = l, -o*l = 4*w - 10 - 55. Calculate the greatest common factor of n and w.
10
Let a(n) = 34*n - 4. Let v be a(1). Let g(r) = 7*r + r**3 + 8 + 5*r - 9*r**2 - 10 - 10. Let x be g(8). What is the greatest common factor of x and v?
10
Suppose 0 = b + 4. Let k be ((-240)/4)/b - 2. Calculate the highest common factor of 13 and k.
13
Let d = -331 + 466. Let a = 2 + 2. Suppose a + 26 = 2*j. What is the highest common factor of j and d?
15
Let y be (24/20)/((-1)/(-5)). What is the highest common factor of 6 and y?
6
Suppose 0 = -x + h + 21, -5*h = -2*x + 29 + 28. Calculate the greatest common divisor of 80 and x.
16
Let j(b) = -b**3 + 9*b**2 + 23*b - 8. Let w be j(11). Calculate the greatest common divisor of w and 1.
1
Let x = -2 + 1. Let l = 1 - -1. Let q be (x*l - -19) + 1. Calculate the greatest common factor of q and 2.
2
Let k(i) = 2*i**2 + 2*i - 9. Let x be k(-4). Suppose 4*g - x = 49. Calculate the highest common divisor of 80 and g.
16
Suppose g - 2*g + 9 = 0. Suppose -g*v + 8 = -5*v. Calculate the greatest common factor of v and 16.
2
Suppose q + 1 = 2*q. What is the greatest common factor of 7 and q?
1
Suppose 13*k + 126 = 16*k. What is the highest common divisor of k and 21?
21
Suppose 2 = 5*t - 4*t. Calculate the highest common factor of 16 and t.
2
Let y(g) be the third derivative of g**5/30 - g**4/12 - 2*g**2. Let j be y(-6). Suppose -36 = -7*h + 4*h. What is the highest common factor of h and j?
12
Let u be (-11)/(-2) - (-3)/(-2). Suppose -p = u*p - 325. Calculate the highest common divisor of 26 and p.
13
Suppose 5*a - 26 = k + 71, a = k + 17. What is the highest common factor of 5 and a?
5
Let r be 2*(3 - -38) + 3. Let p be 1/2*68/2. What is the highest common factor of r and p?
17
Suppose f = -5*f + 192. What is the highest common divisor of f and 48?
16
Let o(w) = 3*w**2 + 5*w - 14. Let v be o(4). What is the highest common factor of v and 9?
9
Let s(j) = -174*j - 1. Let n be s(2). Suppose 1897 = 3*z + 370. Let w = z + n. Calculate the highest common divisor of w and 20.
20
Suppose -5*b = -x + 46 - 8, 3*b = -5*x + 50. Let p be ((-2)/1 - -2) + 26. What is the highest common divisor of x and p?
13
Suppose -59 - 25 = -7*n. What is the greatest common factor of 204 and n?
12
Let x(d) = -d**3 + d**2 - d + 2. Let o be x(0). Let z = 7 + 9. What is the highest common factor of z and o?
2
Let p = 40 + -9. Calculate the highest common divisor of 124 and p.
31
Let g be 3/(0 - 6/80). Let f be g/3*6/(-4). Let w be (72/f)/(6/20). What is the greatest common factor of 96 and w?
12
Let x = -2 - -2. Let s = x + 33. Calculate the greatest common factor of 3 and s.
3
Let r(q) be the first derivative of 1 + 1/3*q**3 - 5*q + 7/2*q**2. Let y be r(-9). What is the highest common divisor of y and 91?
13
Let q(o) = -2*o**2 - 17*o + 1. Let v be q(-8). What is the greatest common factor of 3 and v?
3
Let p = -8 - -11. Let u(r) = 5 - r**p - 4*r**2 + 4 + 5*r + 0 + r. Let s be u(-6). Calculate the highest common factor of s and 5.
5
Let z(i) = i**2 - i - 29. Let r be z(-8). Calculate the greatest common factor of r and 86.
43
Suppose 2*t - 4*q - 3 = 5, 0 = 3*t - 4*q - 14. Suppose t*r - r - 331 = -3*x, 113 = x - r. What is the greatest common factor of x and 28?
28
Let x = -101 + 107. Calculate the highest common factor of 27 and x.
3
Suppose -6 - 2 = -2*c. Let x be (1/2)/(3/6). Calculate the highest common divisor of c and x.
1
Let q be (-2)/((-18)/(-3))*-114. Suppose h + 4*n + 0 - 1 = 0, n = 4*h - q. What is the highest common factor of 9 and h?
9
Suppose 2 = -t, 0 = f - 3*t - 7 - 5. What is the greatest common factor of f and 96?
6
Suppose -3*d = 8 - 188. Calculate the highest common divisor of d and 10.
10
Let x = 90 - 57. What is the highest common divisor of x and 3?
3
Suppose -4*s - 5*b = 21, -s - b - 24 = 4*b. Suppose u + s - 6 = 0. Let n be (-2)/(-1)*2/4. Calculate the greatest common divisor of u and n.
1
Let t(y) = -4*y + 2. Let v be t(-4). Calculate the greatest common divisor of v and 198.
18
Let t(g) = -3 - 3*g - 1 + 0 - 4. Let r be t(-6). Let s(l) = -46*l - 2. Let n be s(-2). What is the greatest common divisor of n and r?
10
Let h = -136 - -206. Let c = -33 + h. Suppose -3*l - 98 = -4*u - l, c = u + 2*l. Calculate the highest common factor of